 remainder when 94185 is divided by 1123.
976
What is the remainder when 15745 is divided by 3819?
469
Calculate the remainder when 85904 is divided by 3043.
700
Calculate the remainder when 273236 is divided by 69.
65
Calculate the remainder when 4055929 is divided by 9218.
9
Calculate the remainder when 1559518 is divided by 268.
26
What is the remainder when 1098803 is divided by 2985?
323
Calculate the remainder when 124573 is divided by 61595.
1383
Calculate the remainder when 396 is divided by 179.
38
What is the remainder when 8907 is divided by 6561?
2346
Calculate the remainder when 518974 is divided by 10797.
718
What is the remainder when 584106 is divided by 76?
46
What is the remainder when 17691 is divided by 1062?
699
What is the remainder when 9114812 is divided by 20?
12
Calculate the remainder when 499786 is divided by 84.
70
What is the remainder when 2051437 is divided by 783?
760
What is the remainder when 165605341 is divided by 900029?
5
What is the remainder when 5207652 is divided by 1735875?
27
What is the remainder when 402143 is divided by 1942?
149
What is the remainder when 848166 is divided by 269?
9
Calculate the remainder when 597755 is divided by 12718.
9
Calculate the remainder when 11664903 is divided by 324025.
3
What is the remainder when 3712939 is divided by 3615?
334
What is the remainder when 2511298 is divided by 85?
58
What is the remainder when 482353 is divided by 19519?
13897
What is the remainder when 12600499 is divided by 853?
836
What is the remainder when 38045 is divided by 37381?
664
What is the remainder when 38202 is divided by 427?
199
Calculate the remainder when 31932 is divided by 5574.
4062
What is the remainder when 71173516 is divided by 136087?
15
What is the remainder when 224687869 is divided by 531?
529
Calculate the remainder when 3278769 is divided by 1699.
1398
Calculate the remainder when 4957788 is divided by 1145.
1083
Calculate the remainder when 369581 is divided by 24500.
2081
What is the remainder when 169491 is divided by 56488?
27
What is the remainder when 1425194 is divided by 475044?
62
Calculate the remainder when 107531480 is divided by 4982.
4974
What is the remainder when 39239 is divided by 7193?
3274
Calculate the remainder when 565225 is divided by 1132.
357
What is the remainder when 1948089 is divided by 244?
237
Calculate the remainder when 1422528 is divided by 30919.
254
Calculate the remainder when 13662244 is divided by 26.
24
Calculate the remainder when 606145 is divided by 191.
102
Calculate the remainder when 1042724 is divided by 347561.
41
What is the remainder when 549312 is divided by 77?
71
What is the remainder when 394262 is divided by 379?
102
What is the remainder when 422777 is divided by 422662?
115
What is the remainder when 561567 is divided by 11457?
174
Calculate the remainder when 6607469 is divided by 1714.
1713
What is the remainder when 28893767 is divided by 4127679?
14
Calculate the remainder when 8311649 is divided by 18.
5
Calculate the remainder when 1869717 is divided by 129.
120
What is the remainder when 17327 is divided by 15733?
1594
What is the remainder when 1587253 is divided by 11?
8
What is the remainder when 15801977 is divided by 22?
15
What is the remainder when 30366868 is divided by 51?
40
What is the remainder when 18175049 is divided by 217?
214
Calculate the remainder when 1566331 is divided by 522090.
61
What is the remainder when 467952 is divided by 6498?
96
What is the remainder when 1270799 is divided by 6213?
3347
Calculate the remainder when 376099 is divided by 188049.
1
Calculate the remainder when 281305 is divided by 2326.
2185
Calculate the remainder when 6529800 is divided by 240.
120
Calculate the remainder when 39713 is divided by 6515.
623
What is the remainder when 165586824 is divided by 147?
144
Calculate the remainder when 466437 is divided by 197.
138
Calculate the remainder when 38567626 is divided by 2754830.
6
Calculate the remainder when 4335811 is divided by 1151.
1145
What is the remainder when 1550986 is divided by 89?
72
Calculate the remainder when 2650062 is divided by 16667.
9
What is the remainder when 18484558 is divided by 360?
358
Calculate the remainder when 1706999152 is divided by 17.
14
What is the remainder when 45683288 is divided by 9136657?
3
Calculate the remainder when 595437 is divided by 139.
100
What is the remainder when 1729987 is divided by 552?
19
Calculate the remainder when 2552404 is divided by 42.
22
What is the remainder when 16383 is divided by 952?
199
Calculate the remainder when 9130976 is divided by 26935.
11
What is the remainder when 10075985 is divided by 2747?
2736
What is the remainder when 12501871 is divided by 415?
411
What is the remainder when 94201 is divided by 31366?
103
What is the remainder when 816316 is divided by 163261?
11
Calculate the remainder when 7385121 is divided by 1704.
1689
What is the remainder when 152219372 is divided by 16913263?
5
Calculate the remainder when 110807 is divided by 715.
697
What is the remainder when 108941 is divided by 54463?
15
Calculate the remainder when 13277441 is divided by 1896777.
2
Calculate the remainder when 27390780 is divided by 498014.
10
What is the remainder when 2259891 is divided by 563?
9
Calculate the remainder when 412167 is divided by 346.
81
Calculate the remainder when 38534 is divided by 2962.
28
What is the remainder when 133261 is divided by 43965?
1366
Calculate the remainder when 62058 is divided by 6177.
288
Calculate the remainder when 2212592 is divided by 13574.
30
Calculate the remainder when 47833731 is divided by 13.
10
What is the remainder when 129294 is divided by 5229?
3798
Calculate the remainder when 66821 is divided by 1849.
257
Calculate the remainder when 752690629 is divided by 2930.
2929
What is the remainder when 145844 is divided by 13533?
10514
What is the remainder when 52448 is divided by 4637?
1441
What is the remainder when 79416791 is divided by 7219708?
3
Calculate the remainder when 4231841 is divided by 1410606.
23
What is the remainder when 63991327 is divided by 4570809?
1
What is the remainder when 67940 is divided by 9705?
5
Calculate the remainder when 1478362 is divided by 11733.
4
What is the remainder when 382531 is divided by 76503?
16
What is the remainder when 2477090 is divided by 825566?
392
Calculate the remainder when 1519163099 is divided by 11340.
11339
Calculate the remainder when 24554239 is divided by 30.
19
Calculate the remainder when 7259796 is divided by 14.
12
Calculate the remainder when 107403 is divided by 21057.
2118
Calculate the remainder when 10273683 is divided by 201.
171
What is the remainder when 2515415 is divided by 1285?
670
What is the remainder when 369360 is divided by 4793?
299
What is the remainder when 32850799 is divided by 623?
9
What is the remainder when 10617678 is divided by 5308822?
34
What is the remainder when 90837 is divided by 641?
456
What is the remainder when 68511 is divided by 66777?
1734
What is the remainder when 2450973 is divided by 54?
21
Calculate the remainder when 1325534 is divided by 441841.
11
What is the remainder when 45650 is divided by 822?
440
Calculate the remainder when 38876011 is divided by 49.
48
What is the remainder when 59582638 is divided by 1610341?
21
What is the remainder when 49595 is divided by 24610?
375
What is the remainder when 522735 is divided by 41?
26
Calculate the remainder when 5507245 is divided by 597.
517
What is the remainder when 36978510 is divided by 3250?
10
What is the remainder when 1620130 is divided by 142?
52
Calculate the remainder when 93386 is divided by 1606.
238
What is the remainder when 93307 is divided by 8470?
137
Calculate the remainder when 581350 is divided by 144443.
3578
What is the remainder when 3791769 is divided by 51240?
9
Calculate the remainder when 1240150 is divided by 1239697.
453
What is the remainder when 146485 is divided by 97?
15
What is the remainder when 10174014 is divided by 354?
54
Calculate the remainder when 83323807 is divided by 14.
7
What is the remainder when 92240 is divided by 1295?
295
What is the remainder when 4438873 is divided by 19?
17
Calculate the remainder when 114062